{"id":17,"date":"2018-11-19T19:50:38","date_gmt":"2018-11-19T19:50:38","guid":{"rendered":"https:\/\/www.cecord.mx\/?page_id=17"},"modified":"2026-02-13T21:32:48","modified_gmt":"2026-02-14T03:32:48","slug":"home","status":"publish","type":"page","link":"https:\/\/www.cecord.mx\/","title":{"rendered":"Principal"},"content":{"rendered":"\n\n\t\t\t<h1>\n\t\t\t\t\tCECORD\n\t\t\t\t<\/h1>\nUn instituto educativo, comprometido con educaci\u00f3n continua en salud, especializados en Rehabilitaci\u00f3n F\u00edsica y Deportiva.\n\t\t\t<a href=\"https:\/\/www.cecord.mx\/?page_id=201\" target=\"_self\"  role=\"button\">\n\t\t\t\t\t\tVer Cursos\n\t\t<\/a>\n\t\t\t<h3>\n\t\t\t\t\tEducaci\u00f3n Corporativa\n\t\t\t\t<\/h3>\n\t\t\t<p>Actualmente trabajamos bajo el concepto de educaci\u00f3n corporativa, que consiste en agrupar diferentes escuelas que en conjunto logremos certificar a los alumnos en periodo de tiempo mas corto.<\/p>\n\t\t\t<h3>\n\t\t\t\t\tEducaci\u00f3n Continua\n\t\t\t\t<\/h3>\n\t\t\t<p>Se trata de una gran variedad de experiencias de aprendizaje a realizarse posteriormente a la educaci\u00f3n reglada.\u00a0 Por lo que la educaci\u00f3n continua como una educaci\u00f3n que puede extenderse indefinidamente a lo largo de la vida.<\/p>\n\t\t\t<h3>\n\t\t\t\t\tNuestros Cursos\n\t\t\t\t<\/h3>\n\t\t\t<p>Los diplomados, certificaciones, cursos, talleres y webinar se caracterizan por que tienen el respaldo de una instituci\u00f3n certificadora con aval de la SEP que en este caso es CECORD e ICAS que es la instancia encargada de impartir las licenciaturas ligadas a la oferta educativa de capacitaci\u00f3n continua.<\/p>\n\t\t\t<h2>\n\t\t\t\t\tNuestros Cursos Recurrentes\n\t\t\t\t<\/h2>\n\t\t\t<p>Para conocer nuestros cursos recurrentes, ser\u00e1n siempre publicados en nuestras redes sociales y aparecer\u00e1n en una secci\u00f3n de nuestro sitio web. Pero se recomienda que nos contactes para m\u00e1s informes.<\/p>\n\t\t\t<h2>\n\t\t\t\t\tCapacitaci\u00f3n y Educaci\u00f3n continuan\n\t\t\t\t<\/h2>\n\t\t\t<p>CECORD imparte capacitaci\u00f3n en todas las \u00e1reas de la salud, especializ\u00e1ndose en Rehabilitaci\u00f3n F\u00edsica y Deportiva.<\/p>\n\t\t\t\t<img decoding=\"async\" src=\"https:\/\/www.cecord.mx\/wp-content\/uploads\/2023\/10\/ramon_perfil.jpeg\" alt=\"ramon_perfil\" itemprop=\"image\"\/>\n\t\t\t<h5>\n\t\t\t\t\tMstro. Ram\u00f3n Hernandez &#8211; Fundador &amp; CEO CECORD.\n\t\t\t\t<\/h5>\n\t<p><strong>Ram\u00f3n Luis Hern\u00e1ndez Miranda<\/strong><\/p>\n<p><strong>Maestro en Medicina F\u00edsica y Rehabilitaci\u00f3n<\/strong> <\/p>\n<p><strong>Director CECORD <\/strong><\/p>\n<ul>\n<li>Lic. en Acupuntura M\u00e9dica y Rehabilitaci\u00f3n Integral<\/li>\n<li>Maestro en Medicina F\u00edsica y Rehabilitaci\u00f3n<\/li>\n<li>Certificador Internacional de Vendaje Neuromuscular<\/li>\n<li>Docente en UNITEC de la Licenciatura en Fisioterapia<\/li>\n<li>Docente en UVM de la Licenciatura en Fisioterapia<\/li>\n<li>Especialista en Rehabilitaci\u00f3n F\u00edsica Deportiva<\/li>\n<li>Especialista en Biomec\u00e1nica Humana<\/li>\n<li>M\u00e9dico de Boxeadores Campeones del Mundo de Consejo Mundial de Boxeo<\/li>\n<\/ul>\n<p>&nbsp;<\/p>\n<figure itemscope itemtype=\"https:\/\/schema.org\/ImageObject\">\n\t\t\t\t<img decoding=\"async\" src=\"https:\/\/www.cecord.mx\/wp-content\/uploads\/2023\/04\/Logo_Fixed_400px-300x300.png\" alt=\"cecord_logo\" height=\"300\" width=\"300\" height=\"300\" width=\"300\" title=\"cecord_logo\" onerror=\"this.style.display='none'\" loading=\"lazy\" \/>\n\t<\/figure>\n<h2>\n\t\t\tDATOS Y REGISTROS OFICIALES\t<\/h2>\n\t<ul>\n<li>FOLIO DE CONSTITUCI\u00d3N <strong>SAS-1.2-202301-560601<\/strong><\/li>\n<li><strong>R.F.C. CIC2301049N9<\/strong><\/li>\n<\/ul>\n\t<ul>\n<li>REGISTRO P\u00daBLICO DE COMERCIO NCI: <strong>202300001310<\/strong><\/li>\n<li>C\u00e9dula de acreditaci\u00f3n como entidad de certificaci\u00f3n y evaluaci\u00f3n <strong>CONOCER: CE0086-ECE390-19<\/strong><\/li>\n<\/ul>\n\n","protected":false},"excerpt":{"rendered":"<p>CECORD Un instituto educativo, comprometido con educaci\u00f3n continua en salud, especializados en Rehabilitaci\u00f3n F\u00edsica y Deportiva. Ver Cursos Educaci\u00f3n Corporativa Actualmente trabajamos bajo el concepto de educaci\u00f3n corporativa, que consiste [&hellip;]<\/p>\n","protected":false},"author":1,"featured_media":0,"parent":0,"menu_order":0,"comment_status":"closed","ping_status":"closed","template":"","meta":{"site-sidebar-layout":"no-sidebar","site-content-layout":"page-builder","ast-site-content-layout":"default","site-content-style":"default","site-sidebar-style":"default","ast-global-header-display":"","ast-banner-title-visibility":"","ast-main-header-display":"","ast-hfb-above-header-display":"","ast-hfb-below-header-display":"","ast-hfb-mobile-header-display":"","site-post-title":"disabled","ast-breadcrumbs-content":"","ast-featured-img":"disabled","footer-sml-layout":"","ast-disable-related-posts":"","theme-transparent-header-meta":"enabled","adv-header-id-meta":"","stick-header-meta":"","header-above-stick-meta":"","header-main-stick-meta":"","header-below-stick-meta":"","astra-migrate-meta-layouts":"default","ast-page-background-enabled":"default","ast-page-background-meta":{"desktop":{"background-color":"","background-image":"","background-repeat":"repeat","background-position":"center center","background-size":"auto","background-attachment":"scroll","background-type":"","background-media":"","overlay-type":"","overlay-color":"","overlay-opacity":"","overlay-gradient":""},"tablet":{"background-color":"","background-image":"","background-repeat":"repeat","background-position":"center center","background-size":"auto","background-attachment":"scroll","background-type":"","background-media":"","overlay-type":"","overlay-color":"","overlay-opacity":"","overlay-gradient":""},"mobile":{"background-color":"","background-image":"","background-repeat":"repeat","background-position":"center center","background-size":"auto","background-attachment":"scroll","background-type":"","background-media":"","overlay-type":"","overlay-color":"","overlay-opacity":"","overlay-gradient":""}},"ast-content-background-meta":{"desktop":{"background-color":"var(--ast-global-color-5)","background-image":"","background-repeat":"repeat","background-position":"center center","background-size":"auto","background-attachment":"scroll","background-type":"","background-media":"","overlay-type":"","overlay-color":"","overlay-opacity":"","overlay-gradient":""},"tablet":{"background-color":"var(--ast-global-color-5)","background-image":"","background-repeat":"repeat","background-position":"center center","background-size":"auto","background-attachment":"scroll","background-type":"","background-media":"","overlay-type":"","overlay-color":"","overlay-opacity":"","overlay-gradient":""},"mobile":{"background-color":"var(--ast-global-color-5)","background-image":"","background-repeat":"repeat","background-position":"center center","background-size":"auto","background-attachment":"scroll","background-type":"","background-media":"","overlay-type":"","overlay-color":"","overlay-opacity":"","overlay-gradient":""}},"footnotes":""},"class_list":["post-17","page","type-page","status-publish","hentry"],"_links":{"self":[{"href":"https:\/\/www.cecord.mx\/index.php?rest_route=\/wp\/v2\/pages\/17","targetHints":{"allow":["GET"]}}],"collection":[{"href":"https:\/\/www.cecord.mx\/index.php?rest_route=\/wp\/v2\/pages"}],"about":[{"href":"https:\/\/www.cecord.mx\/index.php?rest_route=\/wp\/v2\/types\/page"}],"author":[{"embeddable":true,"href":"https:\/\/www.cecord.mx\/index.php?rest_route=\/wp\/v2\/users\/1"}],"replies":[{"embeddable":true,"href":"https:\/\/www.cecord.mx\/index.php?rest_route=%2Fwp%2Fv2%2Fcomments&post=17"}],"version-history":[{"count":11,"href":"https:\/\/www.cecord.mx\/index.php?rest_route=\/wp\/v2\/pages\/17\/revisions"}],"predecessor-version":[{"id":25132,"href":"https:\/\/www.cecord.mx\/index.php?rest_route=\/wp\/v2\/pages\/17\/revisions\/25132"}],"wp:attachment":[{"href":"https:\/\/www.cecord.mx\/index.php?rest_route=%2Fwp%2Fv2%2Fmedia&parent=17"}],"curies":[{"name":"wp","href":"https:\/\/api.w.org\/{rel}","templated":true}]}}